
Let w = -267 + 477. Let r(q) = 5*q**2 - q. Let t be r(-5). Suppose 0 = -10*x + t + w. What is the remainder when x is divided by 9?
7
Suppose 5*o = 2*h + 1378, 0 = 3*o - 7*h + 4*h - 825. Calculate the remainder when o is divided by 249.
27
Let l be 4/(-6) - ((-375)/9 - 8). Suppose 14*d = 13*d - j + 49, d - 5*j = l. What is the remainder when d is divided by 9?
4
Let t(s) = 3*s - 3. Let z be t(3). Calculate the remainder when 10 is divided by z*(1 + 0/(-2)).
4
Suppose -2*u + 4*m = 2*m - 524, 0 = -m + 4. Let v = -263 + u. Calculate the remainder when 3 is divided by v.
0
Suppose -p = -2*n + 27, -5*n - p = -5*p - 69. Let a(f) = 4 - 10*f - 4 - 40 + n*f**2 - 12*f**2. What is the remainder when 18 is divided by a(14)?
2
Let t(l) = 198*l**3 + 9*l**2 - 14*l - 11. Calculate the remainder when t(3) is divided by 24.
22
Suppose -4*c + 2*c = 6. What is the remainder when 68 is divided by 10/c*171/(-95) + -1?
3
Let w(v) = -v**2 + 6*v + 17. Let l be (-2)/13 - (-1760)/286. What is the remainder when 53 is divided by w(l)?
2
Let u(x) = -x**2 + 10*x + 54. Let j be u(14). Let a(f) = 3*f**2 + 6*f + 12. What is the remainder when 18 is divided by a(j)?
6
Let j be (-3 - (-1 - 2))/(-2). Suppose -5*p + 2*a + 90 = j, 4*p = 5*p - a - 18. Let n(y) = -y**2 + 18*y + 20. What is the remainder when 49 is divided by n(p)?
9
Let s = -6753 - -6980. What is the remainder when 1105 is divided by s?
197
Suppose 164 + 160 = 9*g. Suppose -4*v = 12, -7*h + g = -3*h + 4*v. Suppose h = -6*a + 48. Calculate the remainder when 14 is divided by a.
2
Let m(a) = 297*a**2 - 286*a - 71. Calculate the remainder when m(5) is divided by 25.
24
Suppose -45*w - 20 = -49*w. Suppose 824*y = 821*y + 111. What is the remainder when y is divided by w?
2
Let d(f) = 4*f**2 - 288*f + 104. Suppose -48 = -4*h - 0*h. What is the remainder when d(72) is divided by h?
8
Let z(n) = -4*n + 51. Suppose -14*h = 18*h - 7520. What is the remainder when h is divided by z(-7)?
77
Calculate the remainder when (-3)/108*-27*568 is divided by 49.
34
Suppose 0 = 2*g + 4*p - 2282, 3*g + 400 = 5*p + 3889. Calculate the remainder when g is divided by 288.
1
Suppose 3*j = 2*j + 19. Let h be ((-1)/2)/(j/38). Calculate the remainder when 18 is divided by 0 - (h - 1) - -6.
2
Suppose -86*j + 2*j = 8*j - 15088. Calculate the remainder when j is divided by 11.
10
Let p(v) be the third derivative of -v**5/60 + 7*v**4/4 - 3*v**3 - 29*v**2 + 5. Calculate the remainder when p(12) is divided by 12.
6
Suppose -181*d + 368538 - 61262 = -125857. What is the remainder when d is divided by 47?
43
Let r = -194 - -198. Suppose 12*t - 21 = 27. Calculate the remainder when r is divided by t.
0
What is the remainder when 381 is divided by (-8 + (-370)/(-50))*35/(-3)?
3
Suppose p = 2*g - 495, 6*g = 3*p + 9*g + 1440. Let h = 508 + p. Calculate the remainder when 83 is divided by h.
14
Let a(s) = -3*s - 32. Let f be a(-19). Suppose n = -30*k + f*k + 316, k + 916 = 3*n. What is the remainder when n is divided by 14?
12
Let o(g) = -59*g - 1347. What is the remainder when 467 is divided by o(-24)?
53
Let o(t) = -17*t - 1596. Suppose 2*f + 3*u - 211 = 0, 0*f + 4*f - 4*u - 392 = 0. What is the remainder when f is divided by o(-97)?
48
Let s = 2873 + -2018. Let r = -825 + s. Calculate the remainder when r is divided by (1*-1)/(1/(-11)).
8
Suppose 67*z - 64*z = 135 + 9. Calculate the remainder when z is divided by 25.
23
Let n = 43387 + -43128. What is the remainder when 722 is divided by n?
204
Let w = 132 + -162. Calculate the remainder when 103 is divided by (10/w)/((-3)/234).
25
Suppose -18*i = -22*i + 296. Let r = -75 + i. Calculate the remainder when 158 is divided by (-3 - -28) + (-3 - r).
20
Let t = 12 + 18. Let g be (-3 + 4)*t/(-4)*-4. Suppose 8*m = 9*m - g. Calculate the remainder when 58 is divided by m.
28
Let a = 1016 + -976. What is the remainder when 296 is divided by a?
16
Let x(y) = -3*y**2 + 52*y + 2. What is the remainder when x(11) is divided by 121?
90
Suppose 63 = 2*p - 145. Let n be (-2464)/(-18) - (0 - 2/18). Let g = n - p. What is the remainder when g is divided by 18?
15
Let a(y) = -y**3 - 4*y**2 + y + 6. Let l be a(-5). Let s be 4*(-2 + 6/(-3)). Let j = l + s. Calculate the remainder when 57 is divided by j.
7
Let p(m) = 4*m**2 - 185*m + 1707. What is the remainder when 9507 is divided by p(10)?
255
Let x(g) = g**3 + 12*g**2 + 12*g + 14. Let j(t) = 5*t - 1. Let s be j(-2). Let q = 2369 - 2367. What is the remainder when x(s) is divided by q?
1
Let y = 199 + -63. Let w = -132 + y. Suppose w*q - 616 = -4*j - 0*j, 0 = -4*j - 3*q + 615. Calculate the remainder when j is divided by 12.
9
Let o be (7/3 - 4)*-3 + 22. Suppose 350 = -o*r + 1268. What is the remainder when r is divided by 13?
8
Let c(o) = 8*o + 158. Calculate the remainder when c(-5) is divided by 66.
52
Let t(s) = -s - 5. Let j be t(-9). Suppose 0 = n - 4, -3*w + 2*w + 142 = -j*n. What is the remainder when 5 + 3 + w + 5 is divided by 25?
21
Let v(o) = -2611*o - 4887. Calculate the remainder when v(-2) is divided by 43.
34
Suppose 114 = 8*b + 418. Let u = b - -43. Suppose 0 = -f + u*f + 3*r - 73, -3*r - 71 = -5*f. Calculate the remainder when 45 is divided by f.
13
Let p = 407 + -491. Let n = p + 98. Calculate the remainder when 97 is divided by n.
13
Let v(k) = k**3 + 26*k**2 + 92*k + 2210. What is the remainder when v(-25) is divided by 298?
237
Suppose -44*y - 8949 - 1716 = -59*y. What is the remainder when y is divided by 117?
9
Let i(k) = -13*k**3 + 14*k**2 - 25*k - 57. What is the remainder when i(-5) is divided by 28?
27
Suppose 162*g + 504 = 168*g. Calculate the remainder when (-3)/(-1)*172/3 is divided by (-1)/(6/(-20)*8/g).
32
Suppose 5 + 1 = k. Calculate the remainder when k is divided by 16/(-40) - ((-24)/10 + -1).
0
Suppose -778 - 329 = 16*n - 25*n. What is the remainder when 1760 is divided by n?
38
Let t be (-10)/(-15) + 7507*4/12. Let l = t + -1652. Calculate the remainder when l is divided by 14.
11
Let a = -14064 + 24421. Calculate the remainder when a is divided by 70.
67
Let w = 10181 - 8198. What is the remainder when w is divided by 30?
3
Let n = 123 - 83. Let f(t) = t**2 + 5*t - 22. What is the remainder when n is divided by f(-8)?
0
Suppose 8*n + 136 = 472. Suppose -n*r + 27*r = -660. Calculate the remainder when 107 is divided by r.
19
Let o be 156/10*200/60. Let t = o - 26. Calculate the remainder when 51 is divided by t.
25
Let k = 6580 + -6570. Calculate the remainder when 729 is divided by k.
9
Suppose 14*b - 753 = -249. Let i(q) = -3*q**3 - 2*q**2 - 2*q + 1. Calculate the remainder when b is divided by i(-2).
15
Suppose 141*r = j + 137*r - 89, 4*r = -12. Suppose 4*l = 5*k - 1895, l - 786 = -2*k - 3*l. Calculate the remainder when k is divided by j.
75
Let v = -106 + 111. Calculate the remainder when 1278/v + (-72)/120 is divided by 64.
63
Suppose -14727 - 288 = -5*m. Suppose 11*u + m = 44*u. Suppose 4*o - 86 - 10 = 0. Calculate the remainder when u is divided by o.
19
Let r = -193 - -195. Calculate the remainder when 35 is divided by -1 + (-7)/r*4/(-2).
5
Let h = -528 - -48. Let q = h - -495. Calculate the remainder when 59 is divided by q.
14
Suppose 0*d - u - 229 = 3*d, -3*d = -u + 233. Let n be -174*(1 - (-6)/(-9)). Let h = n - d. What is the remainder when h is divided by 6?
1
Let n(t) = -56*t - 281. Let k be n(-5). What is the remainder when k*6/6 - -662 is divided by 51?
49
Let x = -990 + 1004. Calculate the remainder when 1156 is divided by x.
8
Let p(x) = 17*x**2 - 1. Suppose -3*k + 4 = k. Suppose -3*u = 3*l - 18, -4*u - u = -2*l - 65. What is the remainder when p(k) is divided by u?
5
Suppose -21*i + 94626 = 15*i + 27*i. Calculate the remainder when i is divided by 32.
30
Let l(w) = -w**3 + 2*w**2 + w + 10. Let m be l(0). Suppose -v = m - 4. Let s(u) = u**2 + 6*u + 9. Calculate the remainder when 31 is divided by s(v).
4
Suppose 20*y - 18*y - 32 = 0. Calculate the remainder when (101/404)/(1*(-1)/(-308)) is divided by y.
13
Suppose 9*p = -72 + 234. Let j = -15 + p. Suppose j*n = 19 + 44. Calculate the remainder when 35 is divided by n.
14
Suppose 84 = -c + 10*b - 7*b, -5*c - 3*b - 492 = 0. Calculate the remainder when c/(-432) - (-205)/9 is divided by 12.
11
Suppose 1665 = 73*m - 64*m. Suppose -4*u + m = u. What is the remaind